{"id":5841,"date":"2025-04-17T17:28:10","date_gmt":"2025-04-17T16:28:10","guid":{"rendered":"http:\/\/fewujihu.cyon.site\/?page_id=5841"},"modified":"2026-03-02T19:33:27","modified_gmt":"2026-03-02T18:33:27","slug":"qualite-de-vie","status":"publish","type":"page","link":"https:\/\/staging.tobias-egger.ch\/fr\/lebensqualitat\/","title":{"rendered":"Qualit\u00e9 de vie"},"content":{"rendered":"<div class=\"et_pb_section_0 et_pb_section et_section_regular et_block_section section_has_divider et_pb_bottom_divider\"><div class=\"et_pb_row_0 et_pb_row et_block_row\"><div class=\"et_pb_column_0 et_pb_column et_pb_column_4_4 et-last-child et_block_column et_pb_css_mix_blend_mode_passthrough\"><div class=\"et_pb_heading_0 et_pb_heading et_pb_module et_block_module\"><div class=\"et_pb_heading_container\"><\/div><\/div><div class=\"et_pb_text_0 et_pb_text et_pb_bg_layout_light et_pb_module et_block_module\"><div class=\"et_pb_text_inner\"><p>CE QUE J'AI D\u00c9J\u00c0 PU FAIRE BOUGER :<\/p>\n<\/div><\/div><div class=\"et_pb_heading_1 et_pb_heading et_pb_module et_block_module\"><div class=\"et_pb_heading_container\"><h1 class=\"et_pb_module_header\">Une meilleure qualit\u00e9 de vie dans le \u00ab Stedtli \u00bb<\/h1><\/div><\/div><\/div><\/div><div class=\"et_pb_bottom_inside_divider et-no-transition\"><\/div><\/div><div class=\"et_pb_section_1 et_pb_section et_section_regular et_block_section\"><div class=\"et_pb_row_1 et_pb_row et_block_row et_animated\"><div class=\"et_pb_column_1 et_pb_column et_pb_column_4_4 et-last-child et_block_column et_pb_css_mix_blend_mode_passthrough\"><div class=\"et_pb_text_1 et_pb_text et_pb_bg_layout_light et_pb_module et_block_module\"><div class=\"et_pb_text_inner\"><p data-pm-slice=\"1 1 []\" class=\"translation-block\"><p>\n  Ces derni\u00e8res ann\u00e9es, j'ai activement contribu\u00e9 \u00e0 rendre le centre-ville de Nidau plus attrayant. En tant que conseiller municipal, j'ai fait avancer le <strong><a href=\"https:\/\/www.nidau.ch\/news\/sanierung-und-neugestaltung-mittelstrasse-kurze-ruhepause\" class=\"ProsemirrorEditor-link\" target=\"_blank\" rel=\"noopener noreferrer nofollow\" role=\"link\">r\u00e9am\u00e9nagement de la Mittelstrasse<\/a><\/strong> et je me suis engag\u00e9 pour que Nidau ait une <strong>place urbaine<\/strong> digne de ce nom. J'ai toujours eu \u00e0 c\u0153ur de limiter au maximum les restrictions li\u00e9es aux travaux pour les riverains, le commerce local et les commer\u00e7ants du march\u00e9. \n<\/p>\n<p>\n  La <strong><a href=\"https:\/\/www.nidau.ch\/news\/nidau-foerdert-elektromobilitaet\" class=\"ProsemirrorEditor-link\" target=\"_blank\" rel=\"noopener noreferrer nofollow\" role=\"link\">cr\u00e9ation d'une station de recharge rapide pour les v\u00e9hicules \u00e9lectriques<\/a><\/strong> constitue un autre pas vers la revitalisation de notre Stedtli. Elle facilite non seulement le passage \u00e0 une mobilit\u00e9 respectueuse de l'environnement, mais cr\u00e9e \u00e9galement une incitation suppl\u00e9mentaire \u00e0 s'arr\u00eater \u00e0 Nidau \u2013 et \u00e0 profiter de notre offre vari\u00e9e en mati\u00e8re de shopping, de magasins et de gastronomie.\n<\/p><\/p>\n<\/div><\/div><\/div><\/div><\/div>","protected":false},"excerpt":{"rendered":"","protected":false},"author":5,"featured_media":0,"parent":0,"menu_order":0,"comment_status":"closed","ping_status":"closed","template":"","meta":{"footnotes":""},"class_list":["post-5841","page","type-page","status-publish","hentry"],"_links":{"self":[{"href":"https:\/\/staging.tobias-egger.ch\/fr\/wp-json\/wp\/v2\/pages\/5841","targetHints":{"allow":["GET"]}}],"collection":[{"href":"https:\/\/staging.tobias-egger.ch\/fr\/wp-json\/wp\/v2\/pages"}],"about":[{"href":"https:\/\/staging.tobias-egger.ch\/fr\/wp-json\/wp\/v2\/types\/page"}],"author":[{"embeddable":true,"href":"https:\/\/staging.tobias-egger.ch\/fr\/wp-json\/wp\/v2\/users\/5"}],"replies":[{"embeddable":true,"href":"https:\/\/staging.tobias-egger.ch\/fr\/wp-json\/wp\/v2\/comments?post=5841"}],"version-history":[{"count":11,"href":"https:\/\/staging.tobias-egger.ch\/fr\/wp-json\/wp\/v2\/pages\/5841\/revisions"}],"predecessor-version":[{"id":6696,"href":"https:\/\/staging.tobias-egger.ch\/fr\/wp-json\/wp\/v2\/pages\/5841\/revisions\/6696"}],"wp:attachment":[{"href":"https:\/\/staging.tobias-egger.ch\/fr\/wp-json\/wp\/v2\/media?parent=5841"}],"curies":[{"name":"wp","href":"https:\/\/api.w.org\/{rel}","templated":true}]}}

Qualité de vie

<div class="et_pb_section_0 et_pb_section et_section_regular et_block_section section_has_divider et_pb_bottom_divider"><div class="et_pb_row_0 et_pb_row et_block_row"><div class="et_pb_column_0 et_pb_column et_pb_column_4_4 et-last-child et_block_column et_pb_css_mix_blend_mode_passthrough"><div class="et_pb_heading_0 et_pb_heading et_pb_module et_block_module"><div class="et_pb_heading_container"></div></div><div class="et_pb_text_0 et_pb_text et_pb_bg_layout_light et_pb_module et_block_module"><div class="et_pb_text_inner"><p>CE QUE J'AI DÉJÀ PU FAIRE BOUGER :</p>
</div></div><div class="et_pb_heading_1 et_pb_heading et_pb_module et_block_module"><div class="et_pb_heading_container"><h1 class="et_pb_module_header">Une meilleure qualité de vie dans le « Stedtli »</h1></div></div></div></div><div class="et_pb_bottom_inside_divider et-no-transition"></div></div><div class="et_pb_section_1 et_pb_section et_section_regular et_block_section"><div class="et_pb_row_1 et_pb_row et_block_row et_animated"><div class="et_pb_column_1 et_pb_column et_pb_column_4_4 et-last-child et_block_column et_pb_css_mix_blend_mode_passthrough"><div class="et_pb_text_1 et_pb_text et_pb_bg_layout_light et_pb_module et_block_module"><div class="et_pb_text_inner"><p data-pm-slice="1 1 []" class="translation-block"><p>
  Ces dernières années, j'ai activement contribué à rendre le centre-ville de Nidau plus attrayant. En tant que conseiller municipal, j'ai fait avancer le <strong><a href="https://www.nidau.ch/news/sanierung-und-neugestaltung-mittelstrasse-kurze-ruhepause" class="ProsemirrorEditor-link" target="_blank" rel="noopener noreferrer nofollow" role="link">réaménagement de la Mittelstrasse</a></strong> et je me suis engagé pour que Nidau ait une <strong>place urbaine</strong> digne de ce nom. J'ai toujours eu à cœur de limiter au maximum les restrictions liées aux travaux pour les riverains, le commerce local et les commerçants du marché. 
</p>
<p>
  La <strong><a href="https://www.nidau.ch/news/nidau-foerdert-elektromobilitaet" class="ProsemirrorEditor-link" target="_blank" rel="noopener noreferrer nofollow" role="link">création d'une station de recharge rapide pour les véhicules électriques</a></strong> constitue un autre pas vers la revitalisation de notre Stedtli. Elle facilite non seulement le passage à une mobilité respectueuse de l'environnement, mais crée également une incitation supplémentaire à s'arrêter à Nidau – et à profiter de notre offre variée en matière de shopping, de magasins et de gastronomie.
</p></p>
</div></div></div></div></div>
