{"id":5886,"date":"2025-04-17T18:05:34","date_gmt":"2025-04-17T17:05:34","guid":{"rendered":"http:\/\/fewujihu.cyon.site\/?page_id=5886"},"modified":"2026-03-02T19:36:21","modified_gmt":"2026-03-02T18:36:21","slug":"logement","status":"publish","type":"page","link":"https:\/\/staging.tobias-egger.ch\/fr\/wohnraum\/","title":{"rendered":"Logement"},"content":{"rendered":"<div class=\"et_pb_section_0 et_pb_section et_section_regular et_block_section section_has_divider et_pb_bottom_divider\"><div class=\"et_pb_row_0 et_pb_row et_block_row\"><div class=\"et_pb_column_0 et_pb_column et_pb_column_4_4 et-last-child et_block_column et_pb_css_mix_blend_mode_passthrough\"><div class=\"et_pb_heading_0 et_pb_heading et_pb_module et_block_module\"><div class=\"et_pb_heading_container\"><\/div><\/div><div class=\"et_pb_text_0 et_pb_text et_pb_bg_layout_light et_pb_module et_block_module\"><div class=\"et_pb_text_inner\"><p>MES MOTIFS EN TANT QUE PR\u00c9SIDENT DE LA VILLE :<\/p>\n<\/div><\/div><div class=\"et_pb_heading_1 et_pb_heading et_pb_module et_block_module\"><div class=\"et_pb_heading_container\"><h1 class=\"et_pb_module_header\">Logement : Promouvoir un habitat abordable et am\u00e9nager des quartiers vivants<\/h1><\/div><\/div><\/div><\/div><div class=\"et_pb_bottom_inside_divider et-no-transition\"><\/div><\/div><div class=\"et_pb_section_1 et_pb_section et_section_regular et_block_section\"><div class=\"et_pb_row_1 et_pb_row et_block_row et_animated\"><div class=\"et_pb_column_1 et_pb_column et_pb_column_4_4 et-last-child et_block_column et_pb_css_mix_blend_mode_passthrough\"><div class=\"et_pb_text_1 et_pb_text et_pb_bg_layout_light et_pb_module et_block_module\"><div class=\"et_pb_text_inner\"><p data-pm-slice=\"1 1 []\">Nidau est tr\u00e8s demand\u00e9e comme lieu de r\u00e9sidence - comme en t\u00e9moigne la quasi-absence de logements vacants. Mais cette popularit\u00e9 s'accompagne aussi de d\u00e9fis : il manque des logements \u00e0 loyers abordables et adapt\u00e9s aux besoins des diff\u00e9rentes situations de vie et de revenus.<\/p>\n<p><strong>Je m'engage pour que davantage de logements soient construits \u00e0 Nidau - adapt\u00e9s aux personnes \u00e2g\u00e9es, sans barri\u00e8res et avec un m\u00e9lange \u00e9quilibr\u00e9 de standards de construction simples ou \u00e9lev\u00e9s. C'est en effet le seul moyen pour que notre ville reste vivante, mixte et attrayante pour toutes les g\u00e9n\u00e9rations.<\/strong><\/p>\n<p>Dans ce domaine Nidau a encore un grand potentiel non utilis\u00e9. Nous devons l'exploiter activement - avec une politique de logement pr\u00e9voyante qui favorise la diversit\u00e9 au lieu de l'exclure.<\/p>\n<\/div><\/div><\/div><\/div><\/div>","protected":false},"excerpt":{"rendered":"","protected":false},"author":5,"featured_media":0,"parent":0,"menu_order":0,"comment_status":"closed","ping_status":"closed","template":"","meta":{"footnotes":""},"class_list":["post-5886","page","type-page","status-publish","hentry"],"_links":{"self":[{"href":"https:\/\/staging.tobias-egger.ch\/fr\/wp-json\/wp\/v2\/pages\/5886","targetHints":{"allow":["GET"]}}],"collection":[{"href":"https:\/\/staging.tobias-egger.ch\/fr\/wp-json\/wp\/v2\/pages"}],"about":[{"href":"https:\/\/staging.tobias-egger.ch\/fr\/wp-json\/wp\/v2\/types\/page"}],"author":[{"embeddable":true,"href":"https:\/\/staging.tobias-egger.ch\/fr\/wp-json\/wp\/v2\/users\/5"}],"replies":[{"embeddable":true,"href":"https:\/\/staging.tobias-egger.ch\/fr\/wp-json\/wp\/v2\/comments?post=5886"}],"version-history":[{"count":9,"href":"https:\/\/staging.tobias-egger.ch\/fr\/wp-json\/wp\/v2\/pages\/5886\/revisions"}],"predecessor-version":[{"id":6703,"href":"https:\/\/staging.tobias-egger.ch\/fr\/wp-json\/wp\/v2\/pages\/5886\/revisions\/6703"}],"wp:attachment":[{"href":"https:\/\/staging.tobias-egger.ch\/fr\/wp-json\/wp\/v2\/media?parent=5886"}],"curies":[{"name":"wp","href":"https:\/\/api.w.org\/{rel}","templated":true}]}}

<div class="et_pb_section_0 et_pb_section et_section_regular et_block_section section_has_divider et_pb_bottom_divider"><div class="et_pb_row_0 et_pb_row et_block_row"><div class="et_pb_column_0 et_pb_column et_pb_column_4_4 et-last-child et_block_column et_pb_css_mix_blend_mode_passthrough"><div class="et_pb_heading_0 et_pb_heading et_pb_module et_block_module"><div class="et_pb_heading_container"></div></div><div class="et_pb_text_0 et_pb_text et_pb_bg_layout_light et_pb_module et_block_module"><div class="et_pb_text_inner"><p>MES MOTIFS EN TANT QUE PRÉSIDENT DE LA VILLE :</p>
</div></div><div class="et_pb_heading_1 et_pb_heading et_pb_module et_block_module"><div class="et_pb_heading_container"><h1 class="et_pb_module_header">Logement : Promouvoir un habitat abordable et aménager des quartiers vivants</h1></div></div></div></div><div class="et_pb_bottom_inside_divider et-no-transition"></div></div><div class="et_pb_section_1 et_pb_section et_section_regular et_block_section"><div class="et_pb_row_1 et_pb_row et_block_row et_animated"><div class="et_pb_column_1 et_pb_column et_pb_column_4_4 et-last-child et_block_column et_pb_css_mix_blend_mode_passthrough"><div class="et_pb_text_1 et_pb_text et_pb_bg_layout_light et_pb_module et_block_module"><div class="et_pb_text_inner"><p data-pm-slice="1 1 []">Nidau est très demandée comme lieu de résidence - comme en témoigne la quasi-absence de logements vacants. Mais cette popularité s'accompagne aussi de défis : il manque des logements à loyers abordables et adaptés aux besoins des différentes situations de vie et de revenus.</p>
<p><strong>Je m'engage pour que davantage de logements soient construits à Nidau - adaptés aux personnes âgées, sans barrières et avec un mélange équilibré de standards de construction simples ou élevés. C'est en effet le seul moyen pour que notre ville reste vivante, mixte et attrayante pour toutes les générations.</strong></p>
<p>Dans ce domaine Nidau a encore un grand potentiel non utilisé. Nous devons l'exploiter activement - avec une politique de logement prévoyante qui favorise la diversité au lieu de l'exclure.</p>
</div></div></div></div></div>
