{"id":5895,"date":"2025-04-17T18:09:28","date_gmt":"2025-04-17T17:09:28","guid":{"rendered":"http:\/\/fewujihu.cyon.site\/?page_id=5895"},"modified":"2026-03-02T19:36:24","modified_gmt":"2026-03-02T18:36:24","slug":"economie","status":"publish","type":"page","link":"https:\/\/staging.tobias-egger.ch\/fr\/wirtschaft\/","title":{"rendered":"\u00c9conomie"},"content":{"rendered":"<div class=\"et_pb_section_0 et_pb_section et_section_regular et_block_section section_has_divider et_pb_bottom_divider\"><div class=\"et_pb_row_0 et_pb_row et_block_row\"><div class=\"et_pb_column_0 et_pb_column et_pb_column_4_4 et-last-child et_block_column et_pb_css_mix_blend_mode_passthrough\"><div class=\"et_pb_heading_0 et_pb_heading et_pb_module et_block_module\"><div class=\"et_pb_heading_container\"><\/div><\/div><div class=\"et_pb_text_0 et_pb_text et_pb_bg_layout_light et_pb_module et_block_module\"><div class=\"et_pb_text_inner\"><p>MES MOTIFS EN TANT QUE PR\u00c9SIDENT DE LA VILLE :<\/p>\n<\/div><\/div><div class=\"et_pb_heading_1 et_pb_heading et_pb_module et_block_module\"><div class=\"et_pb_heading_container\"><h1 class=\"et_pb_module_header\">\u00c9conomie : promouvoir l'\u00e9conomie locale, renforcer Nidau<\/h1><\/div><\/div><\/div><\/div><div class=\"et_pb_bottom_inside_divider et-no-transition\"><\/div><\/div><div class=\"et_pb_section_1 et_pb_section et_section_regular et_block_section\"><div class=\"et_pb_row_1 et_pb_row et_block_row et_animated\"><div class=\"et_pb_column_1 et_pb_column et_pb_column_4_4 et-last-child et_block_column et_pb_css_mix_blend_mode_passthrough\"><div class=\"et_pb_text_1 et_pb_text et_pb_bg_layout_light et_pb_module et_block_module\"><div class=\"et_pb_text_inner\"><p data-pm-slice=\"1 1 []\" class=\"translation-block\"><p>\n  Une \u00e9conomie locale saine est essentielle pour Nidau \u2013 elle cr\u00e9e des emplois et des places d'apprentissage, anime la vie de la ville et contribue largement \u00e0 notre qualit\u00e9 de vie. \n  Nos <a href=\"https:\/\/www.kmuipsach.ch\/\" class=\"ProsemirrorEditor-link\" target=\"_blank\" rel=\"noopener noreferrer nofollow\" role=\"link\">petites et moyennes entreprises (PME)<\/a>, en particulier, m\u00e9ritent une plus grande reconnaissance et des conditions-cadres fiables.\n<\/p><\/p>\n<p data-pm-slice=\"1 1 []\"><strong>Je m'engage pour que Nidau reste un site attrayant pour les entreprises : avec des proc\u00e9dures d'autorisation l\u00e9g\u00e8res, des taxes \u00e9quitables, une infrastructure facilement accessible et une \u00e9coute attentive des pr\u00e9occupations des entreprises. <\/strong> Le dialogue avec les commer\u00e7ants, les restaurateurs et les prestataires de services en fait \u00e9galement partie, car le d\u00e9veloppement \u00e9conomique ne peut se faire qu'en collaboration.<\/p>\n<\/div><\/div><\/div><\/div><\/div>","protected":false},"excerpt":{"rendered":"","protected":false},"author":5,"featured_media":0,"parent":0,"menu_order":0,"comment_status":"closed","ping_status":"closed","template":"","meta":{"footnotes":""},"class_list":["post-5895","page","type-page","status-publish","hentry"],"_links":{"self":[{"href":"https:\/\/staging.tobias-egger.ch\/fr\/wp-json\/wp\/v2\/pages\/5895","targetHints":{"allow":["GET"]}}],"collection":[{"href":"https:\/\/staging.tobias-egger.ch\/fr\/wp-json\/wp\/v2\/pages"}],"about":[{"href":"https:\/\/staging.tobias-egger.ch\/fr\/wp-json\/wp\/v2\/types\/page"}],"author":[{"embeddable":true,"href":"https:\/\/staging.tobias-egger.ch\/fr\/wp-json\/wp\/v2\/users\/5"}],"replies":[{"embeddable":true,"href":"https:\/\/staging.tobias-egger.ch\/fr\/wp-json\/wp\/v2\/comments?post=5895"}],"version-history":[{"count":12,"href":"https:\/\/staging.tobias-egger.ch\/fr\/wp-json\/wp\/v2\/pages\/5895\/revisions"}],"predecessor-version":[{"id":6705,"href":"https:\/\/staging.tobias-egger.ch\/fr\/wp-json\/wp\/v2\/pages\/5895\/revisions\/6705"}],"wp:attachment":[{"href":"https:\/\/staging.tobias-egger.ch\/fr\/wp-json\/wp\/v2\/media?parent=5895"}],"curies":[{"name":"wp","href":"https:\/\/api.w.org\/{rel}","templated":true}]}}

Économie

<div class="et_pb_section_0 et_pb_section et_section_regular et_block_section section_has_divider et_pb_bottom_divider"><div class="et_pb_row_0 et_pb_row et_block_row"><div class="et_pb_column_0 et_pb_column et_pb_column_4_4 et-last-child et_block_column et_pb_css_mix_blend_mode_passthrough"><div class="et_pb_heading_0 et_pb_heading et_pb_module et_block_module"><div class="et_pb_heading_container"></div></div><div class="et_pb_text_0 et_pb_text et_pb_bg_layout_light et_pb_module et_block_module"><div class="et_pb_text_inner"><p>MES MOTIFS EN TANT QUE PRÉSIDENT DE LA VILLE :</p>
</div></div><div class="et_pb_heading_1 et_pb_heading et_pb_module et_block_module"><div class="et_pb_heading_container"><h1 class="et_pb_module_header">Économie : promouvoir l'économie locale, renforcer Nidau</h1></div></div></div></div><div class="et_pb_bottom_inside_divider et-no-transition"></div></div><div class="et_pb_section_1 et_pb_section et_section_regular et_block_section"><div class="et_pb_row_1 et_pb_row et_block_row et_animated"><div class="et_pb_column_1 et_pb_column et_pb_column_4_4 et-last-child et_block_column et_pb_css_mix_blend_mode_passthrough"><div class="et_pb_text_1 et_pb_text et_pb_bg_layout_light et_pb_module et_block_module"><div class="et_pb_text_inner"><p data-pm-slice="1 1 []" class="translation-block"><p>
  Une économie locale saine est essentielle pour Nidau – elle crée des emplois et des places d'apprentissage, anime la vie de la ville et contribue largement à notre qualité de vie. 
  Nos <a href="https://www.kmuipsach.ch/" class="ProsemirrorEditor-link" target="_blank" rel="noopener noreferrer nofollow" role="link">petites et moyennes entreprises (PME)</a>, en particulier, méritent une plus grande reconnaissance et des conditions-cadres fiables.
</p></p>
<p data-pm-slice="1 1 []"><strong>Je m'engage pour que Nidau reste un site attrayant pour les entreprises : avec des procédures d'autorisation légères, des taxes équitables, une infrastructure facilement accessible et une écoute attentive des préoccupations des entreprises. </strong> Le dialogue avec les commerçants, les restaurateurs et les prestataires de services en fait également partie, car le développement économique ne peut se faire qu'en collaboration.</p>
</div></div></div></div></div>
